st the prime factors of 157296.
2, 3, 29, 113
What are the prime factors of 19490536?
2, 13, 187409
List the prime factors of 219905.
5, 7, 61, 103
List the prime factors of 66806.
2, 33403
List the prime factors of 13930367.
11, 115127
List the prime factors of 6960517.
19, 366343
What are the prime factors of 36187?
36187
What are the prime factors of 4728209?
479, 9871
What are the prime factors of 759382?
2, 13, 29207
List the prime factors of 1771612.
2, 442903
List the prime factors of 2178849.
3, 167, 4349
What are the prime factors of 303110?
2, 5, 17, 1783
List the prime factors of 1655858.
2, 827929
What are the prime factors of 1324415?
5, 37, 7159
What are the prime factors of 6282804?
2, 3, 11, 4327
What are the prime factors of 3091365?
3, 5, 17, 449
What are the prime factors of 3041768?
2, 523, 727
List the prime factors of 149997.
3, 49999
What are the prime factors of 2872789?
2872789
What are the prime factors of 480531?
3, 31, 5167
List the prime factors of 310598.
2, 155299
What are the prime factors of 6690733?
7, 955819
What are the prime factors of 11195873?
13, 861221
List the prime factors of 375376.
2, 29, 809
What are the prime factors of 8663070?
2, 3, 5, 13, 97, 229
What are the prime factors of 1725482?
2, 11, 107, 733
List the prime factors of 1114003.
11, 101273
What are the prime factors of 7032278?
2, 11, 29059
What are the prime factors of 6403857?
3, 331, 6449
What are the prime factors of 104228?
2, 71, 367
What are the prime factors of 7745684?
2, 1297, 1493
List the prime factors of 21733.
103, 211
List the prime factors of 238267.
238267
List the prime factors of 790665.
3, 5, 52711
What are the prime factors of 1997370?
2, 3, 5, 22193
What are the prime factors of 19615908?
2, 3, 13, 125743
List the prime factors of 305149.
13, 23473
What are the prime factors of 49207?
49207
List the prime factors of 1571560.
2, 5, 101, 389
List the prime factors of 65636.
2, 61, 269
What are the prime factors of 87627?
3, 29209
List the prime factors of 479089.
13, 137, 269
List the prime factors of 8146251.
3, 163, 617
What are the prime factors of 621296?
2, 13, 29, 103
List the prime factors of 385718.
2, 192859
What are the prime factors of 6802182?
2, 3, 29, 83, 157
What are the prime factors of 25183783?
17, 173, 8563
What are the prime factors of 7490587?
13, 127, 349
List the prime factors of 3192053.
347, 9199
List the prime factors of 3510910.
2, 5, 13, 113, 239
What are the prime factors of 307443?
3, 102481
What are the prime factors of 3424019?
3424019
List the prime factors of 130838.
2, 65419
What are the prime factors of 8665524?
2, 3, 7, 137, 251
What are the prime factors of 134266?
2, 11, 17, 359
What are the prime factors of 3868076?
2, 967019
What are the prime factors of 165117?
3, 23, 2393
List the prime factors of 677376.
2, 3, 7
What are the prime factors of 177239?
177239
What are the prime factors of 35425738?
2, 89, 199021
What are the prime factors of 190147?
190147
What are the prime factors of 2340528?
2, 3, 48761
List the prime factors of 690859.
13, 19, 2797
What are the prime factors of 276592?
2, 59, 293
What are the prime factors of 1211993?
991, 1223
What are the prime factors of 8041527?
3, 13, 17, 311
List the prime factors of 8894725.
5, 7, 53, 137
What are the prime factors of 264690?
2, 3, 5, 17, 173
What are the prime factors of 70733?
13, 5441
What are the prime factors of 105138?
2, 3, 11, 59
What are the prime factors of 3712320?
2, 3, 5, 1289
What are the prime factors of 1424167?
37, 61, 631
What are the prime factors of 26826347?
19, 83, 17011
List the prime factors of 104259.
3, 23, 1511
List the prime factors of 996700.
2, 5, 9967
What are the prime factors of 182473?
182473
List the prime factors of 998018.
2, 7, 71287
List the prime factors of 1367981.
19, 71999
What are the prime factors of 15674?
2, 17, 461
What are the prime factors of 167385?
3, 5, 11159
List the prime factors of 811904.
2, 6343
List the prime factors of 661920.
2, 3, 5, 7, 197
List the prime factors of 908809.
11, 82619
List the prime factors of 810492.
2, 3, 17, 29, 137
What are the prime factors of 15623330?
2, 5, 761, 2053
List the prime factors of 332448.
2, 3, 3463
List the prime factors of 1686627.
3, 193, 971
What are the prime factors of 2643404?
2, 660851
What are the prime factors of 690929?
690929
What are the prime factors of 70325?
5, 29, 97
What are the prime factors of 172731?
3, 13, 43, 103
What are the prime factors of 1052594?
2, 526297
What are the prime factors of 516204?
2, 3, 13, 1103
What are the prime factors of 25978?
2, 31, 419
What are the prime factors of 3248648?
2, 13, 31237
What are the prime factors of 1863047?
17, 29, 3779
List the prime factors of 9524226.
2, 3, 1013, 1567
List the prime factors of 1795756.
2, 448939
What are the prime factors of 7193569?
1789, 4021
What are the prime factors of 134357?
29, 41, 113
List the prime factors of 3564067.
13, 17, 16127
What are the prime factors of 1392487?
17, 101, 811
List the prime factors of 694938.
2, 3, 115823
What are the prime factors of 946635?
3, 5, 223, 283
List the prime factors of 6116503.
41, 149183
What are the prime factors of 731827?
731827
List the prime factors of 1792101.
3, 597367
What are the prime factors of 181441?
13, 17, 821
What are the prime factors of 289510?
2, 5, 13, 17, 131
What are the prime factors of 780941?
7, 29, 3847
List the prime factors of 2950601.
23, 128287
List the prime factors of 43932.
2, 3, 7, 523
List the prime factors of 1407382.
2, 703691
What are the prime factors of 458125?
5, 733
List the prime factors of 382754.
2, 211, 907
What are the prime factors of 523646?
2, 261823
List the prime factors of 13627159.
7, 13, 149749
What are the prime factors of 1948702?
2, 7, 109, 1277
List the prime factors of 162208.
2, 37, 137
List the prime factors of 2056529.
863, 2383
List the prime factors of 401360.
2, 5, 29, 173
What are the prime factors of 2019433?
13, 31, 5011
List the prime factors of 4581122.
2, 7, 13, 25171
What are the prime factors of 471568?
2, 29473
List the prime factors of 3923767.
307, 12781
What are the prime factors of 5881368?
2, 3, 41, 43, 139
List the prime factors of 2367848.
2, 7, 42283
List the prime factors of 11544271.
11544271
What are the prime factors of 438229?
11, 39839
List the prime factors of 211440.
2, 3, 5, 881
What are the prime factors of 15711904?
2, 13, 179, 211
List the prime factors of 137027.
11, 12457
What are the prime factors of 6320101?
23, 274787
List the prime factors of 20695421.
3061, 6761
What are the prime factors of 76233?
3, 25411
List the prime factors of 9834926.
2, 401, 12263
What are the prime factors of 761806?
2, 23, 16561
List the prime factors of 203194.
2, 283, 359
What are the prime factors of 1035436?
2, 17, 15227
List the prime factors of 13947079.
2129, 6551
List the prime factors of 2159195.
5, 29, 14891
What are the prime factors of 381398?
2, 190699
List the prime factors of 8677235.
5, 7, 29, 83, 103
List the prime factors of 7943074.
2, 3971537
List the prime factors of 802348.
2, 200587
What are the prime factors of 338711?
43, 7877
List the prime factors of 473571.
3, 7, 7517
List the prime factors of 1285463.
151, 8513
List the prime factors of 1921700.
2, 5, 11, 1747
List the prime factors of 198915.
3, 5, 89, 149
What are the prime factors of 757682?
2, 19, 127, 157
What are the prime factors of 218374?
2, 13, 37, 227
List the prime factors of 215791.
31, 6961
List the prime factors of 7499113.
151, 49663
List the prime factors of 1476630.
2, 3, 5, 1823
List the prime factors of 36562571.
23, 1589677
List the prime factors of 17482171.
7, 17, 31, 677
List the prime factors of 264370.
2, 5, 26437
List the prime factors of 9464452.
2, 37, 63949
What are the prime factors of 63587?
63587
What are the prime factors of 257740?
2, 5, 7, 263
What are the prime factors of 1357566?
2, 3, 7, 32323
List the prime factors of 2725504.
2, 107, 199
What are the prime factors of 6136542?
2, 3, 340919
What are the prime factors of 20552876?
2, 31, 165749
What are the prime factors of 4447145?
5, 889429
List the prime factors of 1335089.
7, 89, 2143
List the prime factors of 3462660.
2, 3, 5, 19237
What 